d6
In base 5, what is 2 - -134242?
134244
In base 4, what is -201210200 - 0?
-201210200
In base 12, what is -17 - -78b4?
7899
In base 8, what is 206 + -70757?
-70551
In base 16, what is -3 - 4049?
-404c
In base 7, what is 63 + 1541?
1634
In base 7, what is 343234 + 3?
343240
In base 5, what is -1 + -3424303?
-3424304
In base 12, what is 5 + 5166b?
51674
In base 16, what is -25d + -254?
-4b1
In base 2, what is -1110011 + 11100?
-1010111
In base 12, what is 1 - 49503?
-49502
In base 2, what is -10010010001 - 10100?
-10010100101
In base 15, what is -c98e + -2?
-c991
In base 3, what is -120222211 - 2?
-120222220
In base 3, what is 2210200 + -102?
2210021
In base 13, what is 100a - 104?
c06
In base 16, what is -3310 + 3?
-330d
In base 12, what is 4 + a4ba?
a502
In base 12, what is -4 - -365bb?
365b7
In base 11, what is 1 + -796649?
-796648
In base 8, what is -22522 - 204?
-22726
In base 15, what is 63b6 + 2?
63b8
In base 12, what is -210051 + 4?
-210049
In base 6, what is -4054400 + -3?
-4054403
In base 6, what is 331 + -334?
-3
In base 15, what is 111d8 + 3?
111db
In base 11, what is 1 - -230417?
230418
In base 2, what is -1011 - -100101010001000010?
100101010000110111
In base 15, what is -62 - 64d?
-6b0
In base 15, what is 7de6 + 3?
7de9
In base 9, what is -138 - -373?
234
In base 3, what is -220210102 + 1010?
-220202022
In base 12, what is 109800 - -b?
10980b
In base 3, what is 111101102 + 1002?
111102111
In base 15, what is 12e764 + 5?
12e769
In base 8, what is -107 + 265?
156
In base 11, what is 333 - 190?
153
In base 8, what is 57 + 1267?
1346
In base 5, what is 13024 - 1111?
11413
In base 5, what is -13 - -1431144?
1431131
In base 11, what is -22247 + 2?
-22245
In base 15, what is -4 + -11bc3?
-11bc7
In base 8, what is 20257 - -14?
20273
In base 12, what is -772 + 3320?
276a
In base 15, what is 1e + 26b6e?
26b8d
In base 11, what is -52474 + 0?
-52474
In base 5, what is 0 + 314322?
314322
In base 14, what is -c - 62dd?
-630b
In base 4, what is -1100102 - -1020?
-1033022
In base 4, what is 10210001 + 12?
10210013
In base 15, what is -3e87 - -5?
-3e82
In base 3, what is 21201110 - -2221?
21211101
In base 3, what is -10 - 121102211221?
-121102212001
In base 6, what is 5 - -230502?
230511
In base 9, what is 22226443 + -2?
22226441
In base 11, what is 3767 - 17?
3750
In base 14, what is -2 - -477b?
4779
In base 15, what is -15 - 10dd?
-1103
In base 14, what is 10d0 - -141?
1231
In base 5, what is -3 + 3341103?
3341100
In base 16, what is 228b - b?
2280
In base 5, what is 13431101 - -2?
13431103
In base 7, what is -115151 - 240?
-115421
In base 14, what is a79 + 6?
a81
In base 3, what is -1212 + 202201201?
202122212
In base 4, what is 112 - -301212?
301330
In base 6, what is -1 - 55040?
-55041
In base 2, what is 11101 + 1001001000?
1001100101
In base 9, what is -30803 - 0?
-30803
In base 8, what is 157321 - 6?
157313
In base 7, what is 41042 + -26?
41013
In base 16, what is e81c - -1?
e81d
In base 13, what is 2 - -4ba1?
4ba3
In base 5, what is -22 + -2134310?
-2134332
In base 11, what is -3 + -14744?
-14747
In base 9, what is 7560 - -34?
7604
In base 11, what is -74745 + 1?
-74744
In base 16, what is -3cb + -2c?
-3f7
In base 3, what is -20012211 - 211?
-20020122
In base 4, what is -10032212 - 13?
-10032231
In base 15, what is -16 - -10bd?
10a7
In base 10, what is -3 + -61816?
-61819
In base 4, what is 31210 + -3?
31201
In base 4, what is -3 - 2020121201?
-2020121210
In base 15, what is -4682ed + -5?
-468303
In base 12, what is 2 + b7b?
b81
In base 5, what is -103114201 + -2?
-103114203
In base 8, what is -745 - 567?
-1534
In base 7, what is 1514 - 5031?
-3214
In base 10, what is 17085 + -2?
17083
In base 6, what is 4 + -25522?
-25514
In base 2, what is -1110001111110011 - 1110?
-1110010000000001
In base 16, what is 141 - -23d?
37e
In base 11, what is 689 - 26?
663
In base 8, what is 1 + -232610?
-232607
In base 15, what is a4b85 + 0?
a4b85
In base 14, what is -6a26 - -16?
-6a10
In base 2, what is 110110101110101011100 - 101?
110110101110101010111
In base 14, what is 13358 - 2?
13356
In base 2, what is -110011000010001101011100 - -100?
-110011000010001101011000
In base 8, what is -71112 - -1?
-71111
In base 6, what is -13503 + 1515?
-11544
In base 15, what is 1 + 238a1?
238a2
In base 12, what is -31 + 12380?
1234b
In base 4, what is -2200233 + 12?
-2200221
In base 7, what is 10636 + -3?
10633
In base 4, what is 11 + -131033131?
-131033120
In base 13, what is -128a48 + -5?
-128a50
In base 8, what is 67113 + -203?
66710
In base 15, what is -5282a + a?
-52820
In base 15, what is 9 - 5d26?
-5d1c
In base 12, what is -2 - -4aa3b1?
4aa3ab
In base 14, what is -64b8d - 5?
-64b94
In base 4, what is -3332220120 + 1?
-3332220113
In base 7, what is 325 + -41?
254
In base 4, what is 3 + 1122001101?
1122001110
In base 4, what is 11231113 + -11?
11231102
In base 14, what is 10 + -69085?
-69075
In base 7, what is 11 - -535304?
535315
In base 8, what is -155707 + 10?
-155677
In base 13, what is 3858 - 28?
3830
In base 8, what is -7 - 11562?
-11571
In base 3, what is -12 - -10200220?
10200201
In base 4, what is -11031 - 22?
-11113
In base 10, what is -964 + -8?
-972
In base 12, what is 5 + -4159?
-4154
In base 6, what is 14050 + -33?
14013
In base 15, what is -18c - -20a?
6d
In base 12, what is 4000 + -3?
3bb9
In base 9, what is 7688 + 2?
7701
In base 15, what is 6b8e - 3?
6b8b
In base 2, what is -10100001111010 + 0?
-10100001111010
In base 8, what is 1 - 1101045?
-1101044
In base 2, what is -11111001010100100 - -1010?
-11111001010011010
In base 9, what is -35 + 658?
623
In base 2, what is -111101 + 11001110001100?
11001101001111
In base 15, what is 5 + -1701?
-16eb
In base 10, what is -359189 + -2?
-359191
In base 9, what is -5 + 47023?
47017
In base 12, what is 7 - a3231?
-a3226
In base 5, what is 11411 + -314?
11042
In base 5, what is 30 + 322144?
322224
In base 12, what is 4 - -a8152?
a8156
In base 2, what is 10 - 1010001100011?
-1010001100001
In base 5, what is 3002 + -242130?
-234123
In base 2, what is 10001110010 + -1101010001100?
-1011000011010
In base 14, what is 1 - -8630?
8631
In base 2, what is -11011010101101 - -11011?
-11011010010010
In base 3, what is 20 - 101001221?
-101001201
In base 7, what is -1224221 + -11?
-1224232
In base 13, what is -46578b + -2?
-465790
In base 4, what is -10120 - -20?
-10100
In base 15, what is 5 + 60e9?
60ee
In base 3, what is -1212110 - -11?
-1212022
In base 6, what is -23 - -1131310?
1131243
In base 10, what is -3 - -7871?
7868
In base 16, what is 5b3 + -1b?
598
In base 9, what is 2 + 3070446?
3070448
In base 5, what is 1202024212 - -10?
1202024222
In base 10, what is 14751 - 5?
14746
In base 13, what is -7869 + -7?
-7873
In base 14, what is -5 + 22cb?
22c6
In base 10, what is -3842 - -5?
-3837
In base 11, what is 5 - 1886a?
-18865
In base 10, what is 4 - 334176?
-334172
In base 11, what is -26 + 845a?
8434
In base 13, what is 136b - -50?
13bb
In base 7, what is -131301 + -25?
-131326
In base 15, what is -644 - -281?
-3b3
In base 8, what is 46714 - -61?
46775
In base 8, what is -64066 - 6?
-64074
In base 7, what is 22 + 46344?
46366
In base 4, what is -12 - -2232?
2220
In base 8, what is 1362 + -234?
1126
In base 2, what is -10010 + 10001111010?
10001101000
In base 15, what is -363e1 + 1?
-363e0
In base 7, what is -1105 + -115?
-1223
In base 8, what is 177617 - -2?
177621
In base 5, what is 2 + -2320404?
-2320402
In base 16, what is 3d48 + -5?
3d43
In base 15, what is 3 - 2b3a4?
-2b3a1
In base 5, what is -10 - 1002221?
-1002231
In base 3, what is 111000102 + -2?
111000100
In base 9, what is 1287 + -42?
1245
In base 12, what is -58a58 - 4?
-58a60
In base 2, what is -1000 + -101101000011011000?
-101101000011100000
In base 15, what is 25ea + 71?
266b
In base 2, what is -1 - 1011001011101011?
-1011001011101100
In base 9, what is -4 - 10860?
-10864
In base 16, what is -6 + -295?
-29b
In base 3, what is -20210 + 210220?
120010
In base 6, what is 14505201 - 4?
14505153
In base 10, what is 8 - -3514?
3522
In base 9, what is -27188 + -32?
-27231
In base 3, what is -112100110 - 22?
-112100202
In base 5, what is -201132 + -34?
-201221
In base 6, what is -11025 + -3300?
-14325
In base 8, what is -667 + 175?
-472
In base 13, what i